e?
False
Is 87943 prime?
True
Is 66067 a composite number?
False
Is 13093 prime?
True
Is 257563 composite?
True
Is 4908941 composite?
False
Is 30617 a prime number?
False
Is 9111 prime?
False
Is 103909 a composite number?
True
Is 89161 composite?
True
Is 2048195 a composite number?
True
Is 4583 prime?
True
Is 226873 composite?
True
Is 314419 prime?
False
Is 837191 composite?
False
Is 178013 prime?
False
Is 428279 a composite number?
True
Is 1271951 composite?
True
Is 3646 a prime number?
False
Is 243371 a composite number?
True
Is 1903 prime?
False
Is 9029 a composite number?
False
Is 37663 composite?
False
Is 3107 composite?
True
Is 9127 a composite number?
False
Is 2933 a prime number?
False
Is 21766 prime?
False
Is 24958 a prime number?
False
Is 125839 composite?
True
Is 1781 prime?
False
Is 58963 a composite number?
False
Is 2721 prime?
False
Is 2930449 a prime number?
True
Is 13589 a prime number?
False
Is 1052719 composite?
False
Is 163619 prime?
False
Is 904243 a prime number?
False
Is 24281 a composite number?
False
Is 1913683 a composite number?
False
Is 2242573 a prime number?
False
Is 23741 composite?
False
Is 4273003 a prime number?
False
Is 383023 a composite number?
False
Is 8489 composite?
True
Is 39481 prime?
False
Is 4127 a prime number?
True
Is 2364161 a composite number?
False
Is 14341 prime?
True
Is 261853 prime?
False
Is 42641 a prime number?
True
Is 103063 prime?
False
Is 216035 composite?
True
Is 38938 a composite number?
True
Is 2101 composite?
True
Is 104771 a composite number?
True
Is 1239881 prime?
False
Is 41487 a prime number?
False
Is 17905 a prime number?
False
Is 6349 composite?
True
Is 940649 composite?
False
Is 3587 prime?
False
Is 79889 a composite number?
False
Is 526157 a prime number?
True
Is 51577 a prime number?
True
Is 488143 composite?
False
Is 397 a prime number?
True
Is 4625905 a prime number?
False
Is 99523 a composite number?
False
Is 5837 a composite number?
True
Is 2291 prime?
False
Is 31561 a prime number?
False
Is 3263 composite?
True
Is 71913 prime?
False
Is 1209043 prime?
False
Is 15917 a prime number?
False
Is 1759643 composite?
False
Is 2819 a prime number?
True
Is 6458 a composite number?
True
Is 1379017 prime?
True
Is 1829 prime?
False
Is 457323 composite?
True
Is 459791 a prime number?
True
Is 293551 composite?
True
Is 125303 composite?
False
Is 73342 prime?
False
Is 8065 composite?
True
Is 3709 a prime number?
True
Is 51141 a composite number?
True
Is 1637 composite?
False
Is 18053 composite?
True
Is 18013 a composite number?
False
Is 6947 a prime number?
True
Is 32633 composite?
False
Is 2400469 a composite number?
False
Is 14251 composite?
False
Is 145253 a composite number?
False
Is 82781 a prime number?
True
Is 4713 a prime number?
False
Is 851 composite?
True
Is 970819 a prime number?
False
Is 373435 a composite number?
True
Is 3961 a prime number?
False
Is 17519 prime?
True
Is 2939 a prime number?
True
Is 33377 a prime number?
True
Is 3935 a prime number?
False
Is 2447 a prime number?
True
Is 156329 composite?
False
Is 72619 a composite number?
True
Is 3100983 prime?
False
Is 24833 composite?
True
Is 871763 composite?
False
Is 8633 composite?
True
Is 1655 prime?
False
Is 110119 a prime number?
True
Is 304751 prime?
True
Is 13897 a prime number?
False
Is 5623 a prime number?
True
Is 7524187 a composite number?
True
Is 631 prime?
True
Is 2808293 composite?
False
Is 49453 a composite number?
True
Is 891239 prime?
True
Is 647 a composite number?
False
Is 24121 a composite number?
False
Is 3985 a composite number?
True
Is 6247 a prime number?
True
Is 171077 a composite number?
False
Is 114551 composite?
True
Is 33193 composite?
True
Is 79113 a composite number?
True
Is 117489 a composite number?
True
Is 74771 prime?
True
Is 16291 a prime number?
False
Is 2195 composite?
True
Is 67619 composite?
False
Is 5227 prime?
True
Is 6241 prime?
False
Is 295891 composite?
True
Is 521 prime?
True
Is 25439 a prime number?
True
Is 20173 prime?
True
Is 157754 a composite number?
True
Is 3907253 a composite number?
True
Is 63889 prime?
False
Is 201031 a composite number?
False
Is 67073 a prime number?
True
Is 220217 composite?
False
Is 6227 prime?
False
Is 627593 a prime number?
True
Is 54719 a composite number?
True
Is 7493 a prime number?
False
Is 125231 composite?
False
Is 3833 a composite number?
False
Is 6163 prime?
True
Is 31699 prime?
True
Is 85706 prime?
False
Is 19847 a prime number?
False
Is 1741235 composite?
True
Is 793591 a prime number?
True
Is 7351 prime?
True
Is 1049 a composite number?
False
Is 276807 a composite number?
True
Is 4757 a composite number?
True
Is 154571 a composite number?
False
Is 1217 a prime number?
True
Is 21971 prime?
False
Is 9754 a composite number?
True
Is 61733 a prime number?
False
Is 1134857 prime?
False
Is 290923 prime?
True
Is 2161 prime?
True
Is 64109 prime?
True
Is 167467 a prime number?
False
Is 339223 prime?
True
Is 1961 a composite number?
True
Is 148013 a composite number?
False
Is 127339 prime?
False
Is 73237 composite?
False
Is 2664535 a prime number?
False
Is 7903 a composite number?
True
Is 1009 a composite number?
False
Is 31847 a composite number?
False
Is 165341 prime?
False
Is 69527 a prime number?
False
Is 89779 prime?
True
Is 771259 prime?
False
Is 81259 a prime number?
False
Is 9961 prime?
False
Is 673 prime?
True
Is 34249 a composite number?
True
Is 29327 composite?
False
Is 123463 a composite number?
True
Is 2447 prime?
True
Is 262321 composite?
False
Is 61603 a composite number?
False
Is 6667 a composite number?
True
Is 469 composite?
True
Is 114326 a composite number?
True
Is 101323 a composite number?
False
Is 5637 prime?
False
Is 2158991 prime?
False
Is 21767 prime?
True
Is 875549 a prime number?
False
Is 67258 composite?
True
Is 30553 a composite number?
False
Is 1304027 a prime number?
False
Is 19447 prime?
True
Is 2395 composite?
True
Is 146077 a prime number?
True
Is 277051 a prime number?
True
Is 74021 a prime number?
True
Is 220501 a composite number?
True
Is 21769 a prime number?
False
Is 40951 composite?
True
Is 463327 prime?
False
Is 13891 a prime number?
False
Is 122443 prime?
True
Is 3446029 prime?
True
Is 2723 composite?
True
Is 70823 a prime number?
True
Is 105097 prime?
True
Is 43349 prime?
False
Is 541691 a composite number?
True
Is 39781 a composite number?
True
Is 19547 a prime number?
False
Is 65761 a composite number?
False
Is 8495 prime?
False
Is 4393 a prime number?
False
Is 280499 prime?
True
Is 8311 a composite number?
False
Is 658151 a prime number?
False
Is 3233609 a prime number?
True
Is 25523 prime?
True
Is 352855 prime?
False
Is 973 composite?
True
Is 38113 prime?
True
Is 631 a composite number?
False
Is 140134 a prime number?
False
Is 141301 composite?
False
Is 24538 prime?
False
Is 453949 prime?
True
Is 1397 a composite number?
True
Is 388501 a composite number?
True
Is 13119 prime?
False
Is 213821 composite?
False
Is 7141 prime?
False
Is 5623 composite?
False
Is 86773 composite?
True
Is 25639 composite?
False
Is 1251469 a prime number?
False
Is 34477 composite?
True
Is 212777 a composite number?
False
Is 26309 a prime number?
True
Is 8807 a composite number?
False
Is 13217 a prime number?
True
Is 123653 a prime number?
True
Is 1541 prime?
False
Is 2333 a composite number?
False
Is 253229 a prime number?
True
Is 8707 prime?
True
Is 70817 a prime number?
False
Is 195659 a prime number?
True
Is 551 a prime number?
False
Is 42641 prime?
True
Is 34757 prime?
True
Is 8563 a composite number?
False
Is 5142197 prime?
True
Is 51109 a prime number?
True
Is 129431 a prime number?
False
Is 31469 a prime number?
True
Is 448557 prime?
False
Is 146177 a composite number?
True
Is 14141 prime?
False
Is 83067 composite?
True
Is 1185215 prime?
False
Is 19193 a prime number?
False
Is 462307 a prime number?
True
Is 6031 prime?
False
Is 375209 a composite number?
False
Is 51227 a composite number?
True
Is 54685 composite?
True
Is 119227 a prime number?
True
Is 33206 composite?
True
Is 36626 prime?
False
Is 26141 composite?
False
Is 363679 a composite number?
True
Is 86033 a prime number?
False
Is 16085 composite?
True
Is 2819 a prime number?
True
Is 20455 prime?
False
Is 419591 prime?
True
Is 61837 composite?
False
Is 37